 are the prime factors of (-6)/u*558/(-4)?
3, 31
Let s(p) = -2*p**3 - p**2 + p - 2. Let l be s(-2). Let d(u) = u - 10. Let h be d(l). What are the prime factors of (123/(-6))/(h/4)?
41
Let j(x) = -x + 10. Let l be j(5). Suppose 5*k = -3*m - 42, l*k + 1 = 3*m - 17. List the prime factors of ((-40)/3)/(2/k).
2, 5
Suppose 0 = -3*r + 2*l + 1, -5*r + 1 = l + 8. Let c(t) = 41*t**2 - 2*t - 2. List the prime factors of c(r).
41
Let c = 25 + -18. Suppose c*i + 3*i - 980 = 0. List the prime factors of i.
2, 7
Let l = 1 + -1. Let h(a) = -4*a + a**2 + l*a + 5*a - 2*a + 47*a**3. List the prime factors of h(1).
47
Let q be -2 + 6/2 + -1 - 5. Let r = 95 + q. What are the prime factors of r?
2, 3, 5
What are the prime factors of (-35)/20 + 2 - (-1734)/8?
7, 31
Let a = -38 + 18. Let h = 50 + a. List the prime factors of h.
2, 3, 5
Suppose 118 - 3 = -5*k. Let a = k - -76. List the prime factors of a.
53
Let h(t) = -t + 18. Let n be h(0). Let v be 2/9 + 68/n. Suppose v*b + 5*a + 2 = 72, 3*b - 66 = 3*a. List the prime factors of b.
2, 5
Let v = -20 - -20. Suppose 3*i + 2*i - 10 = v. Suppose r + n = 42, -n = -i*r - 4*n + 82. What are the prime factors of r?
2, 11
Suppose -880 = 24*a - 34*a. List the prime factors of a.
2, 11
Let l(k) = -2*k + 5*k - 5*k**2 + 3 - 5*k**3 + 4*k**3 + 5. List the prime factors of l(-6).
2, 13
List the prime factors of (6 + (-8 - 2))*-296.
2, 37
Let z(u) = -u**2 - 19*u + 9. Let k be z(-19). Suppose -5*c = 4*a + 63, -4*a + 65 = -5*c - k*a. Let s = 19 + c. List the prime factors of s.
2
Let o = 42 + 16. Let p = 23 + o. What are the prime factors of p?
3
Let q(j) = -4*j. Let l be q(-8). Suppose 2*b + 2*b = 3*f - 31, 30 = 2*f - 5*b. Suppose l = f*t - 18. What are the prime factors of t?
2, 5
Suppose 9*j + 5622 = 2*z + 6*j, 5*z - 5*j - 14045 = 0. What are the prime factors of z?
3, 5, 11, 17
Let d(m) = 10*m**2 + 9*m + 14. Let x(w) = 3*w + 40. Let j be x(-15). List the prime factors of d(j).
3, 73
Let h(g) = -g**2 - 4*g + 16. Let p be h(-6). Suppose -5*z = u - 57, -p*u - 4*z + 198 = z. List the prime factors of u.
47
Let j = 476 + -251. What are the prime factors of j?
3, 5
Suppose -4*c + 46 = x, 0 = c - 3*c - 2. Suppose -4*i + 222 = -x. List the prime factors of i.
2, 17
Let q(l) = 8*l**2 - 12 + 3*l + l + 8 - 5*l - l**3. Let m be q(7). Suppose 4*r + r - 50 = -4*o, 4*o - r - m = 0. List the prime factors of o.
2, 5
Suppose 7*l - 2175 = 1416. What are the prime factors of l?
3, 19
Suppose 3 = 5*d + 8. Let k(j) = 26*j**2 - 2*j - 1. What are the prime factors of k(d)?
3
What are the prime factors of 11 + -7 + (-1 - -4988)?
7, 23, 31
Let x(z) = z + 2. Let q be x(5). Let u = 355 + -355. List the prime factors of -9 + q - (u + -13).
11
Suppose -3*c = -361 - 11. Suppose u = 5*u - c. List the prime factors of u.
31
Suppose 5*c - 7 = -4*y + 20, 0 = -2*c + 6. Suppose y*w - 16 + 0 = 4*g, 5*w - 21 = g. Suppose 3*l - 2*l = w*r + 31, 3*r = -15. What are the prime factors of l?
11
Let w(r) = -r**3 + 10*r**2 + 12*r - 11. Let j be w(11). Let l(y) = -y**3 + 3*y - 4. Let m be l(j). Let x(q) = -17*q + 12. What are the prime factors of x(m)?
2, 5
Suppose -12 = -13*f + 14. Suppose -x = -5*n + 484 + 504, f*n - 3*x - 403 = 0. What are the prime factors of n?
197
Let w(z) = z**2 + z - 5. Let h be ((-3)/(-2))/(6/(-16)). Let q be w(h). Suppose 5*a = g + q, 0 = -4*g - 3*a + 23 - 5. What are the prime factors of g?
3
Let m(t) = -t**2 - 120*t - 67. List the prime factors of m(-23).
2, 541
Let f(q) = -q**2 + 10*q - 1. Let u be f(4). Let c = u + -12. Let r = c - -15. List the prime factors of r.
2, 13
Let g(x) = -x**3 + 27*x**2 - 92*x + 11. List the prime factors of g(18).
31, 41
Let b be -1 + ((-28)/(-8)*2 - 1). List the prime factors of 20 + (1 - b) + 5.
3, 7
Let k(a) = -a - 5. Let f be k(3). Let g = f + 34. What are the prime factors of g?
2, 13
Let d = 6 + -4. Let t(o) = -7*o**2 - 2*o**3 + 3*o**3 + 7*o + 2*o**2 - 2*o**d + 4. What are the prime factors of t(6)?
2, 5
Suppose 6*d - 3*d = -4*x, 5*x = 3*d. Let s = d + 0. Suppose -39 = -g - s*g - 5*o, -5*o = -g + 9. What are the prime factors of g?
2, 3
Let y be (0/(-5))/(4/(-2)). Suppose y = -2*g - 17 + 101. List the prime factors of g.
2, 3, 7
Suppose -5*w - 3*p + 15 = -5, 0 = -4*w + 3*p - 11. Let f be (-2 - w) + 7/1. Suppose -f*l = -l - 120. What are the prime factors of l?
2, 5
Let j(o) = o**3 + 25*o**2 - 22*o - 27. What are the prime factors of j(-25)?
523
Let h(t) = -85*t**3 - 6*t**2 - 12*t - 7. List the prime factors of h(-2).
673
Suppose 0 + 40 = -2*d. Let y be (-44)/d + (-2)/10. Suppose -17 = -2*f + 4*s + 9, 0 = y*f - 2*s - 18. List the prime factors of f.
5
Let k(u) = 5*u**2 + 2*u - 4*u**2 + 3*u - 8*u**2 - 7. Let a be k(-8). List the prime factors of a/(-30) + (-3)/2.
3, 5
Let b(k) = 3*k**2 + 4*k. Let w be b(9). Suppose 3*u + 0*u - w = 0. Suppose 4*z - u = z. What are the prime factors of z?
31
Let h(l) = 6*l**2 + l - 4. Let q(p) = p**3 + 8*p**2 + 18*p + 10. Let y be q(-5). List the prime factors of h(y).
3, 47
Suppose -2*b + 1320 + 1219 = -3*s, 5083 = 4*b - s. List the prime factors of b.
31, 41
Suppose 7*g - 73 = 67. What are the prime factors of (558/(-15))/((-8)/g)?
3, 31
Suppose -144 = 2*k - 5*k. Suppose -5*y - 3*t = 17 + k, 0 = -t. Let h = y - -18. List the prime factors of h.
5
Suppose -126*h - 2435 = -131*h. List the prime factors of h.
487
Suppose -2*i + 37 = -3*v, 3*v = -i - 4*i + 124. Let n be (-30)/(-9)*12/8. Suppose -n*x = -4*x - i. What are the prime factors of x?
23
Let v(k) = -k**3 + 9*k**2 - 12*k - 4. Let n be v(9). Let y = 28 - n. What are the prime factors of y?
2, 5, 7
Let n(t) = -61*t - 8. Let p be n(6). Let m = -264 - p. Suppose m = -8*b + 13*b. What are the prime factors of b?
2, 11
Let k = -31 + 67. Let c = 45 - k. What are the prime factors of c?
3
What are the prime factors of ((-1)/(-2) + 0)/(4/3144)?
3, 131
Let k(i) = 13*i**2 + 5*i - 3. List the prime factors of k(-6).
3, 5, 29
Let f(i) = -149*i + 9. What are the prime factors of f(-2)?
307
What are the prime factors of ((-189)/18)/21 - (-2007)/6?
2, 167
Suppose -472 = -4*u + 3*u. Suppose -d = 3*d - u. List the prime factors of d.
2, 59
Suppose 0 = -7*j + 8*j + 5*t - 503, -3*j + 1537 = t. List the prime factors of j.
3, 19
Suppose -119 = -2*w - 3*l, 5*w + 0*w - 292 = -2*l. Let s = w - -42. List the prime factors of s.
2, 5
Let x(c) = -2*c**3 - 3*c**2 - 3*c + 9. Let s be x(-4). Let j = 81 + s. Let m = -129 + j. List the prime factors of m.
53
Suppose h = -w + 3, -2*w = -h + 5*h - 14. Suppose 2*s - 20 = -2*d, 3*s + 15 = h*d - 18. List the prime factors of d.
3
Suppose -3*o + 4*d + 8 = -8, 12 = -4*o - 3*d. Suppose 5*t - 8*t + 378 = o. List the prime factors of t.
2, 3, 7
Let w = -11 + 12. Let h be w - -4 - (-4 + 6). Suppose 4*n = h*n + 4. List the prime factors of n.
2
List the prime factors of (-1)/(-8) - 3322/(-176).
19
Suppose -14552 - 69301 = -21*s. What are the prime factors of s?
3, 11
Let l(r) = 2*r**2 - 6*r + 17. Let g(d) = 5*d**2 - 13*d + 35. Let x(w) = 4*g(w) - 9*l(w). List the prime factors of x(11).
251
Suppose v - 31 + 7 = 0. Suppose 2*b = 14 - 0. Suppose -b = o - v. List the prime factors of o.
17
Let g = 105 - -95. What are the prime factors of g?
2, 5
Let f be (4 + -8)/((-4)/(-6)). Let a = 4 + f. What are the prime factors of (a - 1)*1 - -17?
2, 7
Let b(u) = 35*u + 248. List the prime factors of b(9).
563
Suppose 3*n - 3 = 3. Let z be n/(-8) + (-762)/(-8). Suppose -5*d = -l - z, 0*l = 2*l. What are the prime factors of d?
19
Let v = -280 + 3105. List the prime factors of v.
5, 113
Let u = 12 - -65. What are the prime factors of u - (0 - -2 - 1)?
2, 19
Let k be (0 + (-1 - -9))/2. Suppose -4*b + k = -12. Suppose -5*g + 12 = -b*g. List the prime factors of g.
2, 3
Let r be ((-84)/(-18))/((-4)/(-6)). Let t = 12 + r. List the prime factors of t.
19
Let u = 72 - -992. What are the prime factors of u?
2, 7, 19
Let m(b) = -b**2 + 5*b - 2. Let n be m(4). Let r(z) = 1 - z + 2 - 3 - n. List the prime factors of r(-9).
7
Let f = -191 + 63. Let g = f + 296. What are the prime factors of g?
2, 3, 7
Suppose 0 = k + 4*k - 15. Suppose k*h - 8 = 2*h. List the prime factors of (46/h)/(2/8).
23
Let u be 8/(-36) - (-1091)/9. Let f = u - 60. List the prime factors of f.
61
Let g = 3043 + -1403. What are the prime factors of g?
2, 5, 41
Suppose